*2 - 60*z + 6. Let v = 110 - 99. What are the prime factors of c(v)?
2, 3
Suppose 64 = 4*q - 20. Let b = q + -51. Let j = b - -40. What are the prime factors of j?
2, 5
Let v be ((-99)/2)/(3/(-6)). Let p = v - 90. Suppose 121 = 2*s - z, -s - 3*z + 80 = p. What are the prime factors of s?
2, 31
Let x(n) = 11*n**2 - 41*n + 127. Let h(f) = 5*f**2 - 20*f + 63. Let g(z) = 9*h(z) - 4*x(z). List the prime factors of g(-14).
479
Suppose -36*i + 102760 + 663812 = -648300. What are the prime factors of i?
2, 43, 457
Let j(r) = 256*r - 6. Let o = -50 - -48. Let g be j(o). List the prime factors of (-4)/(-6) - 4/(24/g).
3, 29
Let s(l) = -34*l + 357. Let n be 5*-1 - (-30)/(9/(-3)). What are the prime factors of s(n)?
3, 17
Suppose 0 = -3*x + 2642 - 104. Suppose -876 - x = -7*s. List the prime factors of s.
2, 3, 41
What are the prime factors of (-52)/8 + 557028/72?
2, 5, 773
What are the prime factors of (-978)/(-3)*(-20049)/(-326)?
3, 41, 163
Let f = 124 + -117. Let b(x) = -3*x**3 + 13*x**2 + 14*x + 15. Let i be b(f). Let z = i - -394. List the prime factors of z.
5, 23
What are the prime factors of 6865764/380 + 16/50*5/(-2)?
7, 29, 89
Suppose -9040 = -9*i - 4*s, 11*s + 5021 = 5*i + 12*s. What are the prime factors of i?
2, 251
Let d(c) = 4*c**2 - 28*c + 30. Suppose -3*s + 76 = s - 4*l, 0 = s - 3*l - 29. What are the prime factors of d(s)?
2, 211
Suppose p - 3*i = 1100, -667 - 2681 = -3*p - 3*i. Suppose -11*v = -3*v - p. Suppose -5*m + v - 39 = 0. What are the prime factors of m?
2, 5
Let k = 876 + -737. Let f be 2/(-7) - (-1266)/21. Let a = k - f. List the prime factors of a.
79
Suppose 5*q - a - 138829 = 0, 3*q + 5*a - 118202 + 34927 = 0. List the prime factors of q.
3, 5, 617
Let v = 18145 - 8239. What are the prime factors of v?
2, 3, 13, 127
Let y be (-2)/(-6) + (-256)/(-24). Suppose 2*t + 9 + y = 0. What are the prime factors of (-15)/(-2)*(0 + (-72)/t)?
2, 3
Let g = 191 - 151. Let u = 28 + -64. Let l = u + g. What are the prime factors of l?
2
List the prime factors of -13 - (-2)/(-24)*-6*196760.
3, 32789
Let w(v) = -v**3 + 60*v**2 + 74*v + 138. List the prime factors of w(29).
5, 53, 107
Let k = 127 - 67. Suppose -k*t = -55*t - 1120. What are the prime factors of t?
2, 7
List the prime factors of 8686 - ((-50)/8 - (-198)/(-264)).
8693
Let d(n) = 12*n**3 - 5*n**2 - 11*n - 1. Let l be d(-3). Let f(r) = 508*r**3 + r**2 - 2*r + 1. Let y be f(1). Let p = y + l. List the prime factors of p.
3, 19
Let s be (-1 - (-21)/9)*(-3)/(-2). Suppose 0 = s*u + 4*r - 36, 4*u - 2*r = -0*r + 92. Suppose -l + u = -0*l. What are the prime factors of l?
2, 11
Let d(z) = -46*z - 164. Suppose -2*t + 91 = -6*t + c, 0 = -5*t + 4*c - 100. What are the prime factors of d(t)?
2, 5, 47
Let z = -31673 - -71314. What are the prime factors of z?
7, 809
Suppose -135774 = -19*d - 21*d - 74*d. List the prime factors of d.
3, 397
Let y(z) = -28*z + 2. Let p(g) = 86*g - 6. Let f(h) = -h**3 + 3*h**2 - 3*h + 5. Let u be f(3). Let a(v) = u*p(v) - 11*y(v). What are the prime factors of a(-2)?
2, 37
Let c(t) = -t**3 - t**2 + t + 1. Let r(f) = -6*f**3 + 29*f**2 - 33*f - 39. Let x(a) = 5*c(a) - r(a). What are the prime factors of x(33)?
11, 19
Suppose 20*c - 17*c - 9 = 0. Suppose c*g = -o + 149, 2*g + 4*o = -0*o + 106. What are the prime factors of g?
7
Suppose -13*m - 2*m + 45 = 0. Suppose m*s + i - 1 = 0, -6 = -5*s + 3*i + 5. List the prime factors of 1/6*s - (-1113)/18.
2, 31
Let g = 143 - 73. Suppose 540 = -g*a + 74*a. Suppose -3*w + a = -126. What are the prime factors of w?
3, 29
What are the prime factors of 28/(-98) - (63340/(-14) + -3)?
3, 503
Let k(a) = 35*a**2 - 4*a + 15. Let r be k(-4). Suppose 942 = 7*b - r. List the prime factors of b.
3, 73
Let z = -2140 - -2306. What are the prime factors of z?
2, 83
Let r(j) = j**2 - 8*j + 7. Let b be r(7). Suppose -3*t + 168 = 5*o, 3*t + b = 3*o + 168. List the prime factors of t.
2, 7
Suppose 0 = 5*m - 350 + 1730. Let y = m + 490. List the prime factors of y.
2, 107
Suppose -2*r + 34 = -146. Suppose -4*s - 5*s = -1440. Let t = s - r. List the prime factors of t.
2, 5, 7
Let w be (-2)/5 - (-22)/5. Suppose -5*a - 1320 = -20*a. Suppose -3*x + 411 = w*z, -296 + a = -2*z - 2*x. What are the prime factors of z?
3, 11
Suppose -56372 + 223376 = 4*o + 2*x, -2*o + 83518 = -x. List the prime factors of o.
5, 7, 1193
Suppose -21*a + 16*a - 2*k + 150767 = 0, -5*a + 150762 = -3*k. List the prime factors of a.
3, 19, 23
Let h(w) = 7*w**2 - 16*w - 4. Let o be (-8)/60 - (-501)/45. List the prime factors of h(o).
23, 29
Suppose 123*j = -44*j + 16*j + 4523809. List the prime factors of j.
29959
What are the prime factors of (-10 + 9 - 4) + 8676?
13, 23, 29
Let j(g) = 1483*g**2 + 354*g + 1412. List the prime factors of j(-4).
2, 3, 659
Let u = 729 + -496. Suppose u = -5*v + 938. List the prime factors of v.
3, 47
Let v = -32 + 37. Suppose 43*d - v*d = 47424. What are the prime factors of d?
2, 3, 13
Suppose 0 = 11*h - 7*h - 40. Let f(w) = 1097 + 3*w**3 - 1092 + 3*w - h*w**2 - w**3. What are the prime factors of f(5)?
2, 5
Let d(l) = 4*l + 44. Let a be d(-10). Suppose 4*u - 53 = i + 35, -a*u + 184 = -2*i. What are the prime factors of (i/(-14) - 2)/(6/42)?
2, 17
Let s = -554 - -547. List the prime factors of ((-3)/(-5))/((-8328)/1190 - s).
3, 7, 17
Let c(h) = -643*h - 743. What are the prime factors of c(-8)?
3, 163
Suppose 4*a = 2*a - f + 67, 111 = 3*a + 5*f. Suppose 83*d - a = 81*d. List the prime factors of d.
2
Let u be (-1 + -1)/8 + 234/8. Suppose 6 + u = 7*i. Suppose 0 = r - i*j + j - 48, r + 2*j - 48 = 0. What are the prime factors of r?
2, 3
Suppose 655 = 31*q + 5305. List the prime factors of 81/2 + q/100.
3, 13
What are the prime factors of (-10 + 161*(-16)/(-280))*(-3728 - 2)?
2, 373
Suppose 7051 = 5*u - 2*y, -8*u + 10*u + 4*y - 2806 = 0. List the prime factors of u.
1409
Let j(c) = -2*c**2 - 23*c - 20. Let a be j(-9). Suppose g + a = -t + 2*t, g - 17 = -t. Suppose -t*o - 86 = -22*o. List the prime factors of o.
2, 43
Let a = -167 + 149. What are the prime factors of 2 + (-3)/(a/534)?
7, 13
Let d(p) be the third derivative of 157*p**5/60 - p**4/6 + 5*p**3/3 - 231*p**2. What are the prime factors of d(-3)?
5, 7, 41
Let h = 39414 + -22030. What are the prime factors of h?
2, 41, 53
Let m = 6488 + -3644. Suppose 10*f - m = 4*f. What are the prime factors of f?
2, 3, 79
Suppose 2*q - 9 = 4*y - 1, -5*q + 4 = -2*y. Suppose q*s + 5*s = -s. Suppose 4*p + 3*w = 355, 6*p - p - 5*w - 470 = s. What are the prime factors of p?
7, 13
Suppose -a - 14 - 13 = -31. Let i(j) be the third derivative of 2*j**5/15 + j**4/3 - 3*j**3/2 - j**2. What are the prime factors of i(a)?
151
Let h = 30 - 26. Suppose -h*c - 71 = -3*f, 19 = -4*f - 3*c + 97. Suppose 2*o - f = -5*o. What are the prime factors of o?
3
What are the prime factors of 18/(-14)*-7 - -49129?
2, 79, 311
Let b(u) = u**2 - 13*u + 32. Let z = 7 + 6. What are the prime factors of b(z)?
2
Let w be 15/(-10)*(-16)/6. Suppose 3*m - w = v, 2 = -m - 3*m + 5*v. Suppose f - q - 83 = m*q, -3*q + 309 = 3*f. What are the prime factors of f?
2, 7
Let y be (-4 + 29)/((-2)/28). Let z = y + 355. What are the prime factors of z?
5
Let u(s) = 9*s - 3. Let q be u(2). Let j(h) = -2*h + 40. Let v be j(q). Suppose 4*b + a = 165, -3*b = a + v - 134. List the prime factors of b.
41
Let n(m) = m**3 - 10*m**2 - 5*m - 6. Let t(w) = -2*w**3 + 20*w**2 + 9*w + 12. Let x(v) = 5*n(v) + 3*t(v). Let z be 27*11/297*9. List the prime factors of x(z).
3, 5, 7
Let b be ((-25)/(-10) + -1)*18. Suppose 10*t + 15 = -f + 7*t, 2*f + 5*t = -b. Let r(z) = -13*z + 21. What are the prime factors of r(f)?
3, 11
Let d be 4/(-6)*(29 + 1). List the prime factors of (-8)/(-20) - 6692/d.
5, 67
Suppose -13*c + 127528 = -4*m - 23209, 4*m = 2*c - 23170. List the prime factors of c.
11597
Let h(b) = 330*b + 2847. List the prime factors of h(11).
3, 17, 127
Suppose r - 7*y - 72409 = -9*y, 7*r - 2*y = 506735. What are the prime factors of r?
3, 59, 409
Let s = 780 + -63. Let i = -387 + s. List the prime factors of i.
2, 3, 5, 11
Suppose 23*w + 25*w = 3*w + 739395. What are the prime factors of w?
3, 5477
Suppose -6*q = -2*q + 4*r - 34236, 3*q = 4*r + 25705. List the prime factors of q.
8563
Let v(c) = 22*c - 26. Let g be (-27)/(-12) + 30/40. List the prime factors of 